{"id":1228,"date":"2024-06-12T05:47:03","date_gmt":"2024-06-12T05:47:03","guid":{"rendered":"http:\/\/cms.schrott-bulgrin.de\/?page_id=1228"},"modified":"2026-03-07T08:51:26","modified_gmt":"2026-03-07T08:51:26","slug":"ueber-uns","status":"publish","type":"page","link":"http:\/\/cms.schrott-bulgrin.de\/?page_id=1228","title":{"rendered":"\u00dcber Uns"},"content":{"rendered":"<div>\n<h2>\u00dcBER UNS<\/h2>\n<p>Wir sind ein Zwischenh\u00e4ndler von Alt- und Buntmetallen, Papier, Erde an Kleinabnehmer, Auto-Katalysatoren und E-Schrott. Die Materialien\u00a0kaufen wir von Privatpersonen und\u00a0Unternehmen an und verkaufen an Gro\u00dfabnehmer.<\/p>\n<p>Das Unternehmen wurde von Rene Bulgrin mit dem Gedanken gegr\u00fcndet, Wertstoffe der Industrie zur\u00fcckzuf\u00fchren. Es sollte auch Privatpersonen erm\u00f6glicht werden, den &#8222;Schrott&#8220; zu verkaufen.<\/p>\n<p>Seit\u00a0der Planung des neuen Betriebsgel\u00e4ndes, versuchen wir die Idee der &#8222;SERO&#8220; &#8211; Ankaufstellen aus DDR-Zeiten aufzugreifen.\u00a0<\/p>\n<p>S\u00e4mtliche Materialien werden nach Gewicht verg\u00fctet. M\u00f6glich macht dies eine LKW\/PKW &#8211; Waage, welche bis zu 30t wiegen kann, unsere kleinere Waage f\u00fcr Mengen bis 600kg und f\u00fcr h\u00f6herwertige E-Schrotte haben wir eine Gramm-Waage bis 50kg.\u00a0<\/p>\n<\/p>\n<\/div>\n<div>\n<h2>Historie<\/h2>\n<ul>\n<li>Februar 2000 Beginn Ankauf von Buntmetallen im Carport bei uns zu Hause<\/li>\n<li>Seit 2002 kostenlose Schrottabholung\u00a0und Containerstellung auch von kleinen Mengen<\/li>\n<li>Ab M\u00e4rz 2005 wurde Schrott auch in kleinen Mengen angekauft<\/li>\n<li>2007 Umzug in die gemietete Lagerhalle &#8222;Zum Bahnhof 8&#8220;<\/li>\n<li>2011 Ausweitung des Ankaufs auf Papier und Pappe<\/li>\n<li>Fr\u00fchjahr 2012 kamen Kunststoffe und Folien hinzu<\/li>\n<li>Mai 2014 Umzug auf das eigene Betriebsgel\u00e4nde &#8222;Im Sch\u00e4we 12&#8220;<\/li>\n<li>Herbst 2014 Erweiterung des Ankaufs auf Alttextilien, Schuhe und Haushaltswaren<\/li>\n<li>Fr\u00fchjahr 2016 Einrichtung <strong>&#8222;Der Kramladen&#8220;<\/strong> und st\u00e4ndige Erweiterung des Angebots<\/li>\n<li>Ab 01. Februar 2017 <strong>keine<\/strong> Abnahme von Kunststoffen!<\/li>\n<li>Ab 01. M\u00e4rz 2018 <strong>keine<\/strong> Abnahme von Alttextilien, Schuhen und Haushaltswaren!<\/li>\n<li><strong>Ab 01.03.2020 Einf\u00fchrung einer Transportpauschale f\u00fcr die Containerstellung.<\/strong><\/li>\n<li>Ab Mai 2020 Verkauf von Komposterde, Kies, Recycling.<\/li>\n<li><strong>Seit 01.08.22 keine Annahme von Pappe mehr<\/strong><\/li>\n<li>Ab 01.02.23 Ankauf von Auto-Katalysatoren<\/li>\n<li>Seit 14.08.23 vermehrter Ankauf von verschiedenen E-Schrotten<\/li>\n<\/ul>\n<\/p>\n<\/div>\n<div>\n<h2>Containerstellung und Abholung (kostenpflichtig)<\/h2>\n<p>Wir stellen auch Container zur Schrottentsorgung auf. Sie haben eine Gr\u00f6\u00dfe von 4-7 cbm. Voranmeldung bitte 2-3 Tage vor Aufstellungstermin.\u00a0<\/p>\n<p>Zur Anmeldung einer Containerstellung nutzen Sie bitte folgende <strong>Tel. Nr. 033204\/636720 oder 033204\/50104<\/strong>.<\/p>\n<p>Ab sofort erheben wir eine Transportpauschale von\u00a0 71,40 \u20ac pro Containerstellung im Bereich der Gemeinde Beelitz. Au\u00dferhalb der Gemeinde Beelitz, im Umkreis bis 25 km, betr\u00e4gt die Pauschale 107,10 \u20ac pro Containerstellung. Diese Pauschale ist bei Aufstellung f\u00e4llig und in bar zu entrichten. Das Material wird verg\u00fctet, mit dem zu diesem Zeitpunkt geltenden Preis. Eine Materialmenge von unter 500 kg wird nicht verg\u00fctet.<\/p>\n<p>Auch Container mit einer Gr\u00f6\u00dfe von 12-37 cbm k\u00f6nnen bestellt werden. Hier betr\u00e4gt die Voranmeldezeit 3-5 Tage und es muss, je nach Containergr\u00f6\u00dfe, eine Mindestmenge Schrott von 2-4 t im Container sein.\u00a0<\/p>\n<p>Auch Schrottabholungen in Beelitz und im Umkreis von 25 km sind m\u00f6glich. Dies \u00fcbernimmt unser Sohn Christoph. Dieser ist unter folgender Telefon-Nr. zu erreichen:\u00a0\u00a0\u00a0 <strong>0176\/20223989<\/strong><\/p>\n<p>Wenn m\u00f6glich schicken sie ihm \u00fcber WhatsApp Fotos vom Schrott. Dann kann er die Menge besser absch\u00e4tzen. Auch bei ihm ist eine kleine\u00a0Fahrpauschale zu entrichten.<\/p>\n<\/div>\n<div>\n<h2>Der Kramladen<\/h2>\n<p>Unser Kramladen bietet alles was das Tr\u00f6dlerherz begehrt. Von B\u00fcchern &#8211; antiquarisch bis fast neu &#8211; \u00fcber Geschirr zu Dekorationen und Praktischem f\u00fcr Haus und Garten bieten wir eine reiche Palette.<\/p>\n<\/p>\n<\/div>\n<p><!--more--><br \/>\n<!-- {\"type\":\"layout\",\"children\":[{\"type\":\"section\",\"props\":{\"header_transparent\":false,\"header_transparent_noplaceholder\":true,\"height\":\"viewport\",\"height_offset_top\":false,\"height_viewport\":150,\"image\":\"wp-content\\\/uploads\\\/2024\\\/07\\\/BULGRIN_3.jpg\",\"image_loading\":true,\"image_position\":\"top-center\",\"image_size\":\"width-1-1\",\"media_focal_point\":\"top-center\",\"overlap\":false,\"padding\":\"xlarge\",\"padding_remove_horizontal\":false,\"padding_remove_top\":false,\"style\":\"muted\",\"text_color\":\"light\",\"title_breakpoint\":\"xl\",\"title_position\":\"top-left\",\"title_rotation\":\"left\",\"vertical_align\":\"bottom\",\"width\":\"default\"},\"children\":[{\"type\":\"row\",\"children\":[{\"type\":\"column\",\"props\":{\"image_position\":\"center-center\",\"position_sticky_breakpoint\":\"m\",\"style\":\"card-default\",\"width_medium\":\"1-2\"},\"children\":[{\"type\":\"text\",\"props\":{\"column_breakpoint\":\"m\",\"column_divider\":true,\"content\":\"\n\n<h2>\\u00dcBER UNS<\\\/h2>\\n\n\n<p>Wir sind ein Zwischenh\\u00e4ndler von Alt- und Buntmetallen, Papier, Erde an Kleinabnehmer, Auto-Katalysatoren und E-Schrott. Die Materialien\\u00a0kaufen wir von Privatpersonen und\\u00a0Unternehmen an und verkaufen an Gro\\u00dfabnehmer.<\\\/p>\\n\n\n<p>Das Unternehmen wurde von Rene Bulgrin mit dem Gedanken gegr\\u00fcndet, Wertstoffe der Industrie zur\\u00fcckzuf\\u00fchren. Es sollte auch Privatpersonen erm\\u00f6glicht werden, den \\\"Schrott\\\" zu verkaufen.<\\\/p>\\n\n\n<p>Seit\\u00a0der Planung des neuen Betriebsgel\\u00e4ndes, versuchen wir die Idee der \\\"SERO\\\" - Ankaufstellen aus DDR-Zeiten aufzugreifen.\\u00a0<\\\/p>\\n\n\n<p>S\\u00e4mtliche Materialien werden nach Gewicht verg\\u00fctet. M\\u00f6glich macht dies eine LKW\\\/PKW - Waage, welche bis zu 30t wiegen kann, unsere kleinere Waage f\\u00fcr Mengen bis 600kg und f\\u00fcr h\\u00f6herwertige E-Schrotte haben wir eine Gramm-Waage bis 50kg.\\u00a0<\\\/p>\\n\n\n<p><\\\/p>\",\"margin\":\"\",\"margin_remove_bottom\":false,\"maxwidth\":\"large\",\"maxwidth_breakpoint\":\"s\",\"text_style\":\"meta\"}}]},{\"type\":\"column\",\"props\":{\"image_position\":\"center-center\",\"position_sticky_breakpoint\":\"m\",\"style\":\"card-default\",\"width_medium\":\"1-2\"},\"children\":[{\"type\":\"text\",\"props\":{\"column_breakpoint\":\"m\",\"column_divider\":true,\"content\":\"\n\n<h2>Historie<\\\/h2>\\n\n\n<ul>\\n\n\n<li>Februar 2000 Beginn Ankauf von Buntmetallen im Carport bei uns zu Hause<\\\/li>\\n\n\n<li>Seit 2002 kostenlose Schrottabholung\\u00a0und Containerstellung auch von kleinen Mengen<\\\/li>\\n\n\n<li>Ab M\\u00e4rz 2005 wurde Schrott auch in kleinen Mengen angekauft<\\\/li>\\n\n\n<li>2007 Umzug in die gemietete Lagerhalle \\\"Zum Bahnhof 8\\\"<\\\/li>\\n\n\n<li>2011 Ausweitung des Ankaufs auf Papier und Pappe<\\\/li>\\n\n\n<li>Fr\\u00fchjahr 2012 kamen Kunststoffe und Folien hinzu<\\\/li>\\n\n\n<li>Mai 2014 Umzug auf das eigene Betriebsgel\\u00e4nde \\\"Im Sch\\u00e4we 12\\\"<\\\/li>\\n\n\n<li>Herbst 2014 Erweiterung des Ankaufs auf Alttextilien, Schuhe und Haushaltswaren<\\\/li>\\n\n\n<li>Fr\\u00fchjahr 2016 Einrichtung <strong>\\\"Der Kramladen\\\"<\\\/strong> und st\\u00e4ndige Erweiterung des Angebots<\\\/li>\\n\n\n<li>Ab 01. Februar 2017 <strong>keine<\\\/strong> Abnahme von Kunststoffen!<\\\/li>\\n\n\n<li>Ab 01. M\\u00e4rz 2018 <strong>keine<\\\/strong> Abnahme von Alttextilien, Schuhen und Haushaltswaren!<\\\/li>\\n\n\n<li><strong>Ab 01.03.2020 Einf\\u00fchrung einer Transportpauschale f\\u00fcr die Containerstellung.<\\\/strong><\\\/li>\\n\n\n<li>Ab Mai 2020 Verkauf von Komposterde, Kies, Recycling.<\\\/li>\\n\n\n<li><strong>Seit 01.08.22 keine Annahme von Pappe mehr<\\\/strong><\\\/li>\\n\n\n<li>Ab 01.02.23 Ankauf von Auto-Katalysatoren<\\\/li>\\n\n\n<li>Seit 14.08.23 vermehrter Ankauf von verschiedenen E-Schrotten<\\\/li>\\n<\\\/ul>\\n\n\n<p><\\\/p>\\n\n\n<p><\\\/p>\",\"margin\":\"\",\"margin_remove_bottom\":false,\"maxwidth\":\"large\",\"maxwidth_breakpoint\":\"s\",\"text_style\":\"meta\"}}]}],\"props\":{\"layout\":\"1-2,1-2\"}},{\"type\":\"row\",\"props\":{\"layout\":\"1-2,1-2\"},\"children\":[{\"type\":\"column\",\"props\":{\"image_position\":\"center-center\",\"position_sticky_breakpoint\":\"m\",\"style\":\"card-default\",\"width_medium\":\"1-2\"},\"children\":[{\"type\":\"text\",\"props\":{\"column_breakpoint\":\"m\",\"column_divider\":true,\"content\":\"\n\n<h2>Containerstellung und Abholung (kostenpflichtig)<\\\/h2>\\n\n\n<p>Wir stellen auch Container zur Schrottentsorgung auf. Sie haben eine Gr\\u00f6\\u00dfe von 4-7 cbm. Voranmeldung bitte 2-3 Tage vor Aufstellungstermin.\\u00a0<\\\/p>\\n\n\n<p>Zur Anmeldung einer Containerstellung nutzen Sie bitte folgende <strong>Tel. Nr. 033204\\\/636720 oder 033204\\\/50104<\\\/strong>.<\\\/p>\\n\n\n<p>Ab sofort erheben wir eine Transportpauschale von\\u00a0 71,40 \\u20ac pro Containerstellung im Bereich der Gemeinde Beelitz. Au\\u00dferhalb der Gemeinde Beelitz, im Umkreis bis 25 km, betr\\u00e4gt die Pauschale 107,10 \\u20ac pro Containerstellung. Diese Pauschale ist bei Aufstellung f\\u00e4llig und in bar zu entrichten. Das Material wird verg\\u00fctet, mit dem zu diesem Zeitpunkt geltenden Preis. Eine Materialmenge von unter 500 kg wird nicht verg\\u00fctet.<\\\/p>\\n\n\n<p>Auch Container mit einer Gr\\u00f6\\u00dfe von 12-37 cbm k\\u00f6nnen bestellt werden. Hier betr\\u00e4gt die Voranmeldezeit 3-5 Tage und es muss, je nach Containergr\\u00f6\\u00dfe, eine Mindestmenge Schrott von 2-4 t im Container sein.\\u00a0<\\\/p>\\n\n\n<p>Auch Schrottabholungen in Beelitz und im Umkreis von 25 km sind m\\u00f6glich. Dies \\u00fcbernimmt unser Sohn Christoph. Dieser ist unter folgender Telefon-Nr. zu erreichen:\\u00a0\\u00a0\\u00a0 <strong>0176\\\/20223989<\\\/strong><\\\/p>\\n\n\n<p>Wenn m\\u00f6glich schicken sie ihm \\u00fcber WhatsApp Fotos vom Schrott. Dann kann er die Menge besser absch\\u00e4tzen. Auch bei ihm ist eine kleine\\u00a0Fahrpauschale zu entrichten.<\\\/p>\",\"margin\":\"\",\"margin_remove_bottom\":false,\"maxwidth\":\"large\",\"maxwidth_breakpoint\":\"s\",\"text_style\":\"meta\"}}]},{\"type\":\"column\",\"props\":{\"image_position\":\"center-center\",\"position_sticky_breakpoint\":\"m\",\"style\":\"card-default\",\"width_medium\":\"1-2\"},\"children\":[{\"type\":\"text\",\"props\":{\"column_breakpoint\":\"m\",\"column_divider\":true,\"content\":\"\n\n<h2>Der Kramladen<\\\/h2>\\n\n\n<p>Unser Kramladen bietet alles was das Tr\\u00f6dlerherz begehrt. Von B\\u00fcchern - antiquarisch bis fast neu - \\u00fcber Geschirr zu Dekorationen und Praktischem f\\u00fcr Haus und Garten bieten wir eine reiche Palette.<\\\/p>\\n\n\n<p><\\\/p>\",\"margin\":\"\",\"margin_remove_bottom\":false,\"maxwidth\":\"large\",\"maxwidth_breakpoint\":\"s\",\"text_style\":\"meta\"}}]}]}]}],\"version\":\"4.4.4\"} --><\/p>\n","protected":false},"excerpt":{"rendered":"<p>\u00dcBER UNS Wir sind ein Zwischenh\u00e4ndler von Alt- und Buntmetallen, Papier, Erde an Kleinabnehmer, Auto-Katalysatoren und E-Schrott. Die Materialien\u00a0kaufen wir von Privatpersonen und\u00a0Unternehmen an und verkaufen an Gro\u00dfabnehmer. Das Unternehmen wurde von Rene Bulgrin mit dem Gedanken gegr\u00fcndet, Wertstoffe der Industrie zur\u00fcckzuf\u00fchren. Es sollte auch Privatpersonen erm\u00f6glicht werden, den &#8222;Schrott&#8220; zu verkaufen. Seit\u00a0der Planung des [&hellip;]<\/p>\n","protected":false},"author":1,"featured_media":0,"parent":0,"menu_order":0,"comment_status":"closed","ping_status":"closed","template":"","meta":{"_acf_changed":false,"footnotes":""},"class_list":["post-1228","page","type-page","status-publish","hentry"],"acf":[],"_links":{"self":[{"href":"http:\/\/cms.schrott-bulgrin.de\/index.php?rest_route=\/wp\/v2\/pages\/1228","targetHints":{"allow":["GET"]}}],"collection":[{"href":"http:\/\/cms.schrott-bulgrin.de\/index.php?rest_route=\/wp\/v2\/pages"}],"about":[{"href":"http:\/\/cms.schrott-bulgrin.de\/index.php?rest_route=\/wp\/v2\/types\/page"}],"author":[{"embeddable":true,"href":"http:\/\/cms.schrott-bulgrin.de\/index.php?rest_route=\/wp\/v2\/users\/1"}],"replies":[{"embeddable":true,"href":"http:\/\/cms.schrott-bulgrin.de\/index.php?rest_route=%2Fwp%2Fv2%2Fcomments&post=1228"}],"version-history":[{"count":34,"href":"http:\/\/cms.schrott-bulgrin.de\/index.php?rest_route=\/wp\/v2\/pages\/1228\/revisions"}],"predecessor-version":[{"id":1465,"href":"http:\/\/cms.schrott-bulgrin.de\/index.php?rest_route=\/wp\/v2\/pages\/1228\/revisions\/1465"}],"wp:attachment":[{"href":"http:\/\/cms.schrott-bulgrin.de\/index.php?rest_route=%2Fwp%2Fv2%2Fmedia&parent=1228"}],"curies":[{"name":"wp","href":"https:\/\/api.w.org\/{rel}","templated":true}]}}